0 + 1). What is the greatest common factor of m and 14?
2
Suppose 6*x + 4 + 146 = 0. Let r be x/(-4) + 6/8. Let o(q) = 62*q**2 + 2*q - 1. Let b be o(1). Calculate the greatest common factor of b and r.
7
Let x = 406 - 356. What is the highest common factor of 6 and x?
2
Suppose 1 - 1 = 6*s. Suppose 5*v + 5*p - 95 = s, 2*v + 5*p = 4*v - 45. Calculate the highest common divisor of v and 20.
20
Suppose w - 4*g = 166 - 83, 0 = 2*w + 4*g - 106. Calculate the greatest common factor of 90 and w.
9
Let h = 3 + -8. Let u = 25 - h. Let z be (-84)/(-15) - (-2)/5. What is the greatest common factor of u and z?
6
Let b = -3 + 47. Suppose -8*v + 10*v = b. What is the greatest common factor of v and 11?
11
Let q be 1/((-3)/(-11*87)). What is the greatest common divisor of q and 29?
29
Suppose 2*r = 4*r - 2. Let j be 4*r/8*-54. Let q be (j/(-18))/(1/2). Calculate the greatest common factor of 27 and q.
3
Let f(q) = -3*q - 10. Let w be f(-4). Suppose 0 = -2*t + w + 2. Suppose 3*n - r - 12 = -2, 4*n + r - 25 = 0. What is the greatest common factor of t and n?
1
Let c be 6 + 0 + (-10)/(-2). Suppose 0 = -9*k + c*k - 44. What is the greatest common divisor of 11 and k?
11
Let g(y) be the second derivative of y**5/10 - y**4/3 - y**3/3 + 3*y**2/2 + 19*y. Let s be g(5). Calculate the greatest common divisor of s and 13.
13
Let n be (6 - -1 - 5)/((-4)/(-734)). Suppose -3*l = -4*h - n, l + h = -h + 129. Calculate the highest common divisor of 50 and l.
25
Let h = 1000 + -703. What is the highest common divisor of h and 22?
11
Let n(o) = -o**2 - 6*o + 4. Let c be n(-6). Suppose f = 4*s - 2*f - 33, -f = c*s - 21. What is the highest common factor of 48 and s?
6
Suppose u = -3 + 4. Suppose h = 7*h - 66. Calculate the highest common divisor of u and h.
1
Suppose -4*t + 220 = -2*t. Let c(y) = 28*y - 23. Let o be c(9). Suppose -2*s = -5*m - 78, 3*m = 5*s + 15 - o. Calculate the highest common factor of s and t.
22
Let k(a) = -a - 12. Let x be k(-15). Suppose b = -5*p + 3*b + 206, -p + x*b = -36. Calculate the greatest common factor of p and 14.
14
Let t be (-10 + -14)*1/(-2). Suppose -3*h - t = 0, 0*c - 116 = 2*c + 3*h. Let s be c/(-6)*(24 - -3). What is the greatest common factor of s and 26?
26
Suppose -18 - 4 = 4*x + 5*f, 5*x + 8 = -3*f. Suppose -6 = 2*s + d + 3, 5*s = 4*d + 10. Let z be s/1*1/(-2). What is the highest common factor of z and x?
1
Let r = 55 - 50. Suppose 2*q + 5 = -r, -3*v + 4*q + 320 = 0. Calculate the highest common factor of v and 50.
50
Suppose 4*o - 4*n + 15 = 47, -64 = -5*o - n. Calculate the highest common factor of 148 and o.
4
Suppose -191*y + 158*y + 14256 = 0. Calculate the greatest common divisor of 162 and y.
54
Let c(k) = k + 103. Let n be c(25). Calculate the highest common divisor of n and 40.
8
Suppose 19*m = 14*m - 265. Let w = m + 172. Calculate the highest common factor of w and 17.
17
Suppose -5 = -5*w - 0*w. Let b be (-5 - -32)*3*w. Calculate the greatest common divisor of 9 and b.
9
Let z be (-4)/34 - (-2180)/34. Suppose -4*t - z = -4*x, 0 = -x - 5*t + 2*t + 12. What is the greatest common divisor of x and 45?
15
Let k = 165 - 114. Let h = -2 - -5. Suppose 0 = -2*q + 5*z + 9, q + h*z = 2*z + 22. Calculate the greatest common factor of q and k.
17
Suppose 6*r - 9*r + 18 = 0. Suppose 3*y = -3*j - r, 3*y + 3*j = 2*y - 12. What is the greatest common divisor of y and 3?
3
Let p be 0 - 1 - (-2 - 77). Let f be 168/(-18) - ((-8)/(-3) - 2). Let b be (-5)/(-25) - p/f. Calculate the greatest common factor of 32 and b.
8
Let d be (-36)/(((-8)/(-6))/(-4 - -2)). What is the highest common divisor of d and 12?
6
Let a(b) = -b**2 - 8*b + 9*b + 2*b**2 - 5. Let f be a(-3). Calculate the greatest common divisor of f and 3.
1
Suppose 5*k = -3*t + 662, -19*k + 2*t + 382 = -16*k. Calculate the greatest common factor of 20 and k.
10
Suppose -19*k - 12439 + 40027 = 0. Calculate the greatest common divisor of k and 264.
132
Let q = -13 - -16. Let g be (3 - 2)*q + -2. Suppose f - 16 = -3*f. Calculate the highest common divisor of g and f.
1
Let x be 1*(7 + -4 - -3). Suppose -x*l - 3*f - 8 = -l, 2*f = -2. Let g(w) = 71*w**2 + 2*w + 1. Let d be g(l). Calculate the highest common divisor of 28 and d.
14
Let b be (0 - -14)*2/4. Suppose 0 = -k - 0*k + 2. Let t be (-686)/(-7)*k/4. Calculate the greatest common factor of b and t.
7
Suppose -11 = o - 16. Let q(b) = -8*b - 8. Let v be q(-6). What is the highest common factor of v and o?
5
Let a = 408 + -232. Let r = 7 + -6. Let q be (-1 - -33)/(1 + r). Calculate the highest common factor of a and q.
16
Suppose 254*t - 435 = 249*t. What is the greatest common factor of 3 and t?
3
Let w(s) = -4*s + 4. Let b be w(-4). Let u(z) = z**3 + 35*z**2 - 44*z - 238. Let k be u(-36). What is the greatest common divisor of b and k?
10
Let p(f) = -f - 1. Let w(j) = -10*j**2 - 1. Let k(s) = -p(s) - w(s). Let u be k(3). Let h be 3211/u + 2/10. Calculate the greatest common divisor of 102 and h.
34
Suppose 18*z + 246 = 2388. What is the greatest common factor of z and 7?
7
Let t(q) = 89*q - 1272. Let m be t(15). What is the highest common factor of m and 324?
9
Let d be ((-3)/(-3) + 4)/(3/3). Suppose 0*i - 440 = -d*i. Calculate the greatest common divisor of 11 and i.
11
Let p be 19 - 1 - (1 + 40/10). Calculate the greatest common divisor of 481 and p.
13
Let n(v) = -v**2 - 7*v - 10. Let c be n(-2). Suppose -3*o + 11*o - 576 = c. Calculate the greatest common divisor of o and 9.
9
Let u be 9/(-4)*20/(4/(-4)). Suppose 2*o = 3*j + 76, -2*o + 2*j + 125 - u = 0. Calculate the highest common factor of o and 66.
22
Let m = -43 + -18. Let d = m + 112. What is the highest common divisor of d and 34?
17
Let i(l) = l**2 + 51*l. Let y be i(3). What is the highest common divisor of y and 297?
27
Suppose 137 = 5*w - 153. What is the highest common divisor of w and 406?
58
Let s be (-8)/(4/(-2))*(-3)/(-3). Let w be -1*((-1 - -3) + -12). Calculate the greatest common factor of w and s.
2
Suppose 5*a - 351 = b, -3*a = 2*a + 5*b - 345. Let u be 21/(-6)*(-80)/28. Calculate the highest common factor of u and a.
10
Suppose 42*f - 583 = 4709. Calculate the highest common divisor of f and 90.
18
Suppose -u + 8 = 3. Let r = -65 + 85. Calculate the greatest common divisor of u and r.
5
Let z(g) = -g**3 - 28*g**2 - 5*g - 92. Let i be z(-28). Calculate the greatest common factor of i and 18.
6
Let l(v) be the third derivative of v**5/30 - 7*v**4/12 - 23*v**3/6 - 41*v**2. Let s be l(9). Calculate the greatest common divisor of 39 and s.
13
Let d = -51 - -330. What is the greatest common divisor of d and 18?
9
Suppose 3*q + 2*j - 42 = -3*j, 5*j - 51 = -4*q. Let u = q + -7. Suppose -u*z + 155 = -37. Calculate the greatest common divisor of 12 and z.
12
Let g(h) = -h**3 - 7*h**2 + 4. Suppose -b = x + 1 + 4, 0 = -b. Let p be 2/x + 132/(-20). Let m be g(p). What is the highest common divisor of m and 2?
2
Suppose -3*t = -15, -4*t + 7 - 27 = -4*c. Let y(r) = 16*r. Let f be y(5). What is the highest common factor of f and c?
10
Suppose 29*c - 1260 = -c. Calculate the highest common factor of c and 35.
7
Let a = -11 + 13. Suppose 27 = x + 3*s, 3*x - s = a*s + 33. Let m = 33 - x. What is the highest common divisor of 27 and m?
9
Let f be 10/(0 - -2) - -4. Suppose 7 = -f*w + 43. What is the greatest common divisor of w and 2?
2
Let x = 39 - 21. Let z(f) = f**2 + 3*f - 5. Let t be z(-5). Suppose t*d + 5 = 0, 5*d = -5*h + 51 + 169. What is the highest common divisor of h and x?
9
Suppose -5*n = 2*z - 282, 5*z - 100 = -2*n - 4. Calculate the greatest common factor of n and 10.
2
Suppose -96 = -12*x + 9*x. Suppose 5*j - x = 2*j - a, -j - 2*a + 14 = 0. Calculate the highest common factor of j and 110.
10
Let m(w) = -w**2 - 7*w - 1. Let c be m(-6). Suppose 0 = -n + 3 + c. Calculate the highest common factor of 32 and n.
8
Let y(t) = 81*t**3 - 2*t**2 + 1. Let z be y(-1). Let k = -22 - z. Calculate the highest common divisor of 15 and k.
15
Suppose -3*c - 6 = -2*n, -n - 12 = -5*n + 3*c. Let y(d) = 2*d**3 - 35*d**2 + 20*d - 45. Let m be y(17). What is the greatest common factor of n and m?
3
Let c be 5/2*-1*(-348)/10. Calculate the greatest common divisor of 435 and c.
87
Suppose 9 = -i - 2*h - h, h = -3*i - 3. Suppose -3*y + g = 2*g - 412, i = -3*y + g + 416. What is the g